d**2 - d + 8. Let b(o) = 3*g(o) - 4*i(o). Calculate b(11).
7
Let q(s) be the second derivative of 3*s**3 + 2*s**2 + 33*s - 3. Let m(i) = 6*i + 1. Let v(k) = 7*m(k) - 2*q(k). Calculate v(2).
11
Let f(y) = -40 - 26 - 105*y + 39 + 106*y. What is f(16)?
-11
Let q(s) = -s + 78. Let z(r) = -5*r + 349. Let b(u) = 9*q(u) - 2*z(u). Let a = 15 + 4. Let p = 12 - a. Calculate b(p).
-3
Let p(z) = 2029 - 506 + 18*z - 1000. Determine p(-30).
-17
Let o(b) = -21*b - 11*b - 7*b + 33 - 2*b**3 + 79*b**2 - 42. Determine o(39).
-9
Let q(y) = -121*y**2 - 22 + 287*y**2 - 167*y**2 - 11*y. Suppose 0 = 3*f - 4*u + 1 + 10, u = -4. Determine q(f).
-4
Let v = -12758 + 12751. Let g(t) = 16*t + 111. Determine g(v).
-1
Let x(o) = o**3 + 3*o**2 - 3*o - 2. Suppose r - 5*r = -2*v + 24, 4*v - 5*r = 39. Suppose 26 = -19*i + v*i. Give x(i).
8
Let z(m) = 11 + 3*m + 0*m**2 - 3 - m**2 - 11. Let o = 116 + -113. Determine z(o).
-3
Let n(w) = -68*w + 6*w - 140*w + 109*w. Give n(1).
-93
Suppose 228 = -6*a + 240. Let o(b) = -4*b**2 - 4*b**a - 6 + 4*b**2 + 5*b**2 + 4*b. What is o(-6)?
6
Let h(t) be the first derivative of -3*t**2 + 33 - t + 1/3*t**3. Give h(7).
6
Let o(t) = -13*t + 29*t + 2 - 6 + 3. Suppose -5*k + 31 + 1 = 4*d, -5*d = -2*k - 7. Calculate o(d).
47
Let m(v) = v**2 - 4*v - 60. Let f(i) = 21. Let h(w) = -8*f(w) - 3*m(w). Determine h(-4).
-84
Suppose -5*g + 6*g - 4*u - 1 = 0, u = -5*g + 26. Let q(o) = -7 - 5*o**2 - 3*o + o - o**3 - g*o - 3*o**2. Suppose t + 3 = -4. Calculate q(t).
-7
Let s(p) be the third derivative of p**5/10 - p**4/8 + 2*p**3/3 - 192*p**2 + 5. What is s(2)?
22
Let w(h) = 3*h + 3 - 4*h - 7. Suppose 2*i + 298 = -4*o, -2*o - 39*i + 42*i - 169 = 0. Let b = 71 + o. Determine w(b).
2
Let j(u) be the first derivative of -u**4/2 + 4*u**3 + 2*u**2 - 6*u + 3534. What is j(6)?
18
Let y(q) = 6 + 226*q + 184*q - 411*q. Calculate y(-7).
13
Let h(z) = -9*z - 18. Let v be (5*48/420)/(2*5/(-35)). What is h(v)?
0
Let r(u) = -1672 - 1721 - 3*u + 3347. Give r(-8).
-22
Let h be (4 - 12 - -10)*10. Let v(i) = -2*i**2 + 43*i - 60. Calculate v(h).
0
Let i(r) = 715 - 2155 + 733 + 720 + 6*r. Determine i(7).
55
Let v(l) be the third derivative of l**4/24 - 5*l**3 - 2*l**2. Let y(r) = r**2 - 12*r + 51. Let t be y(9). What is v(t)?
-6
Let m(c) = -23*c + 25. Let b(t) = 21*t - 18. Let s(h) = -4*b(h) - 3*m(h). Give s(2).
-33
Let s be 25/8 + -6 + 188/32. Let g be (-1)/(-1)*s/6*4. Let i(v) = v + 2*v**3 + 18*v**2 - 17*v**g - 2 - 2*v. Determine i(-2).
-12
Let y(h) be the second derivative of 0*h**2 - 1/6*h**3 - 1/5*h**5 + 49*h + 0 - 1/12*h**4. What is y(-1)?
4
Let l = 2339 + -2324. Let d(m) = -m**3 + 15*m**2 + 3*m - 36. Determine d(l).
9
Let h(r) = -3*r**2 - r - 36. Let i(b) = -b**3 + 4*b**2 - 19*b + 76. Let x be i(4). Give h(x).
-36
Let l(u) = -6*u**3 + 2*u**2 + 3*u + 1. Let c be l(-1). Suppose -10*m = -c*m - 20. Let p(a) = -m*a + 0*a - 1 - 4*a + 6*a. Give p(2).
-7
Let y be (-80)/(-12)*(-24)/(-16). Suppose y = -19*t + 162. Let x(u) = u - 4. Calculate x(t).
4
Suppose -3 = 3*k, 3*t - 5*k - 19 + 8 = 0. Let n(z) = 6*z + 36*z**3 + 5*z**t + 4*z - 37*z**3 - 4*z. Give n(6).
0
Let l(b) be the first derivative of -19*b**2 - 274*b - 3882. Give l(-7).
-8
Let f = -692 - -1105. Let v(o) = 417 + f - 824 - o**2 + 11*o. Give v(12).
-6
Suppose 3*j - 16 = -4*n, 2*j = -0*n - 2*n + 10. Let k(u) = u**3 + 2*u + 85. Let r be k(0). Let q(v) = 91 + 3*v**2 - 181 + r - v**3 + 2*v. What is q(j)?
-13
Let n(j) be the third derivative of 2*j**4/3 - j**3/6 + 2*j**2. Suppose -179 - 184 + 356 = -7*c. What is n(c)?
15
Let o = 24539 - 24534. Let i(w) = w**3 - 4*w + 4. Determine i(o).
109
Suppose -289 = -3*f - 21*f - 817. Let k(a) = a**3 + 23*a**2 + 21*a - 31. What is k(f)?
-9
Let v = 791 - 796. Let s(g) = 5*g**3 - 4*g**2 - 3*g. Let b(n) = -12*n**3 + 7*n**2 + 7*n - 1. Let j(z) = v*s(z) - 2*b(z). Give j(6).
8
Let h(j) = 5*j. Let r be 6 + -4 + 2 - 4. Let s be 10 - r/5 - 4. Suppose 3*t - 13 - s = 5*x, -5*x = -t + 23. Give h(t).
-10
Let z(s) = 7 + 6 + 14 - 17 + s. Let i = -276 + 284. Give z(i).
18
Let t(s) = s**2 + 2*s - 3*s**2 - 1 - 3. Let z(r) = 3*r**2 - 2*r + 4. Suppose -31*i = 74 + 50. Let m(y) = i*t(y) - 3*z(y). Give m(-4).
-4
Let s be (4/(-3))/(-4) - (-8 - 248/(-24)). Let y(n) be the second derivative of 3*n + 1/12*n**4 - 1/6*n**3 - n**2 + 0. Calculate y(s).
4
Let c(o) = -o**3 - o**2 - 2. Let t(a) = -13*a**3 - 2*a**2 - 7*a - 35. Let n(x) = -12*c(x) + t(x). Give n(9).
7
Let t(q) = -q**3 + 8*q**2 + 15*q - 2. Let c be (5/((-5)/(-3)) - 0)*(-20)/(-6). Determine t(c).
-52
Let d(j) = -27*j**3 - 29*j**2 - 13*j - 3. Let i(t) = -13*t**3 - 13*t**2 - 6*t - 1. Let l(q) = -2*d(q) + 5*i(q). Calculate l(-1).
9
Let k(n) = -26*n**2 + 67*n - 9. Let s(b) = 2*b**2 - 10*b + 2. Let f(l) = -k(l) - 7*s(l). Calculate f(1).
10
Let l(c) = -6*c**2 - 3*c - 24. Let j be l(8). Let p = j - -430. Let k(u) = 14*u**2 + u - 2. Determine k(p).
52
Let y(t) = -t**2 - 11*t + t**3 + 1 - 14 + 0*t**2 + 9*t**2. Let k be y(-9). Suppose -30 = q + k*q. Let n(v) = v**2 + 3*v - 3. What is n(q)?
7
Let z be ((16/(-6))/(10/6))/((-1408)/1760). Let w(p) = 3*p**2 - 3*p. Calculate w(z).
6
Let j = 70 - 70. Suppose 44*p - 39*p + 50 = j. Let f be 4/p - (-288)/(-30). Let t(i) = -2*i - 8. Give t(f).
12
Let z(m) = 2*m - 9. Let s(v) = -4*v + 15. Let q(w) = 4*s(w) + 7*z(w). Suppose 4*f - 51 = -59. Give q(f).
1
Let r = 218 + -217. Let h(j) = -7*j - 1. Let b(l) = l + 8. Let i(q) = r*h(q) - b(q). What is i(-2)?
7
Suppose 5*p - 2631*f = -2632*f - 251, 2*f - 8 = 0. Let j(a) = a**3 + 52*a**2 + 47*a - 189. Give j(p).
15
Let n(w) = w**3 - w**2 - w - 1. Let z(p) = -22*p. Let r be z(-1). Suppose b - r = -l - 27, 5*l + 25 = 5*b. What is n(b)?
-1
Let r be (-2)/(-9) + (-890)/(-45). Let z = r + -15. Let y be z*(-2)/(-10)*5. Let d(p) = p**2 - 2*p - 6. Give d(y).
9
Suppose 0 = 5*p - 10, 2*p = 4*u - 3*p + 2854. Let a = u + 714. Let o(g) = g**3 - 6*g**2 + 4*g. Give o(a).
-15
Let r(b) = -b**2 - 12*b - 6. Suppose -w = 11 - 67. Suppose 10*m = -64 - w. Determine r(m).
-6
Let k(m) = 2*m**2 + 20*m + 19. Suppose 15*f = -2*d + 20*f + 13, 5*f + 15 = 0. Calculate k(d).
1
Suppose 5*s + 2*h + 21 = 5*h, -3*s - 2*h = 5. Let j be (s - 15/6)*2. Let l(f) = -f**2 - 10*f + 11. Determine l(j).
0
Let q(f) be the second derivative of 1/24*f**4 - 1/60*f**6 + 1/30*f**5 - 7/2*f**2 + 0*f**3 - 11*f + 0. Let o(b) be the first derivative of q(b). Determine o(2).
-6
Suppose -4*g + 10 = -26. Suppose 3*p + 12 = 3*i, 2*p = i + 1 - g. Let r(j) = -j - 166 + i*j + 166. Determine r(-1).
1
Let k(v) = -2*v**2 - 15*v - 4. Let z(m) = -5*m**2 - 31*m - 13. Let b(a) = -7*k(a) + 3*z(a). Let o(f) = f**3 - 6*f**2 + 6*f + 7. Let u be o(5). What is b(u)?
-11
Let m(t) be the first derivative of -1/3*t**3 - 117 - 5*t - 1/2*t**2. Determine m(6).
-47
Let p(b) = -2*b + 10. Suppose 15*k = 12*k + 747. Suppose 6*x + k + 249 = 0. Let s = x + 92. Determine p(s).
-8
Let d = 512 - 506. Let j(q) = q**3 - d*q + 2 + 224*q**2 - 8 - 228*q**2. Calculate j(5).
-11
Let s be 3*(2 + 627/(-27))*-6. Let v = -388 + s. Let k(o) = -2*o**2 - 13*o - 8. Determine k(v).
-2
Let t(z) be the second derivative of -z**6/360 + z**5/120 + z**4/2 - 5*z**3/3 - z**2/2 - 249*z. Let f(h) be the second derivative of t(h). Give f(5).
-8
Suppose 141 = 3*t + 3*l - 6*l, -3*t = -2*l - 142. Suppose -36*q = -65*q - 1392. Let y = t + q. Let u(p) = p**2 + p + 3. Calculate u(y).
3
Suppose -5*q = -2*v + 3*v - 38, 34 = 5*q + 3*v. Let n(z) be the second derivative of 7/6*z**3 + 0 + 4*z**2 + 1/20*z**5 + 9*z - 3/4*z**4. Determine n(q).
0
Let v(y) be the first derivative of y**2/2 + 3*y - 3. Suppose -4*a + 5*a = 5. Suppose 0 = a*n - 7*n - 20. Give v(n).
-7
Suppose 6*d = 5*d + 3*k - 13, -3 = d - k. Let a(l) = -7 + d + 6 + 2*l + 0*l. Let o = 8 - 4. What is a(o)?
9
Let r(q) = 1 - 4*q - 1 + 5*q. Let g(k) = 7*k + 7*k - 8*k + 167 + 2*k. Let n be g(-20). Determine r(n).
7
Let j(x) = 10*x + 35. Let n(q) be the third derivative of 5*q**4/24 + 19*q**3/6 + 202*q**2. Let v(c) = -6*j(c) + 11*n(c). Determine v(5).
-26
Let n(q) = q**3 + 11*q**2 - 14*q - 33. Let k(v) = -2*v**3 - 25*v**2 + 29*v + 65. Let z(t) = -2*k(t) - 5*n(t). Give z(-6).
-1
Let s(t) be the second derivative of -2*t**4/3 + 31*t**3/6 - 19*t**2/2 + 11024*t. Determine s(3).
2
Let h(o) = -3*o**3 - 3*o**2 - 2*o - 3. Let v(d) = -570*d + 5128. Let l be v(9). Calculate 